
Suppose 4*a = -q - 2, 4*q - 7 - 30 = -a. Let s be (-148)/(-3) - 4/(-6). Calculate the highest common factor of q and s.
10
Suppose 0 = -c + 1 + 2. Let g be (-1)/c - (-327)/9. Suppose 2*y - 5*m - 19 = 0, 7*y - 2*m = 2*y + 58. What is the highest common factor of y and g?
12
Let q(a) be the third derivative of 17*a**5/60 - a**4/24 - a**3/6 + 3*a**2. Let k be q(2). Suppose -v = -0*v - k. What is the highest common factor of 26 and v?
13
Let m(b) = 100*b - 2. Let f be m(2). Suppose -3*c + 383 = -169. Let n be (-2)/5 - c/(-10). Calculate the highest common factor of n and f.
18
Let r(a) = 1 - 5*a + a**2 - 4*a**2 + 1 + 6*a**2. Let w(s) = -s**2 - 6*s + 4. Let h be w(-6). Let d be r(h). Calculate the highest common divisor of 20 and d.
10
Let c(n) = -n**3 + n**2 + n + 2. Let s be c(0). Let t be (1 + -1)*s/(-4). Let m(y) = -y + 88. Let j be m(t). What is the highest common factor of j and 8?
8
Suppose 2*h = -3*w + 106, -2*h = 5*w - 205 + 23. Calculate the greatest common divisor of w and 95.
19
Let r be -2 + (3 - -321)*(-2)/(-4). What is the highest common factor of 40 and r?
40
Let z = -5 - -2. Let v be (-32)/(-6) - (-1)/z. What is the highest common factor of v and 55?
5
Let t be 13/(-39) + (-122)/(-6). Calculate the highest common divisor of 50 and t.
10
Let m be 73/5 + ((-81)/(-15) - 5). What is the highest common factor of m and 30?
15
Let d(m) = 2*m - 21. Let a be d(15). What is the greatest common factor of a and 45?
9
Suppose -k = 4*k + 30. Let j be k/(-2)*3 + -1. Let r be (-6)/8 - (-70)/j. Calculate the greatest common factor of 16 and r.
8
Suppose -4 = n + u, 4*u - 19 = 4*n - n. Let b(r) = -6*r**2 - 7*r - 1. Let d be b(n). Let a = d - -164. What is the greatest common divisor of 12 and a?
12
Let t(f) = 84*f**2 - 2*f - 1. Let q be t(-1). Suppose -5*o + 11 = -4, 4*v + 3*o = 77. What is the greatest common divisor of v and q?
17
Let r = 55 + 5. What is the greatest common factor of 24 and r?
12
Let h(s) = -s**2 + 12*s - 14. Let p be h(8). What is the highest common divisor of 45 and p?
9
Let p = 139 - -50. Calculate the highest common divisor of 21 and p.
21
Suppose -3*h + 148 = h. Let k = -22 + h. Calculate the highest common divisor of 5 and k.
5
Suppose -4*s = 2*i - s - 15, 2*s - 42 = -4*i. What is the highest common factor of i and 3?
3
Let k = 27 + -12. Suppose -2*s = -k + 7. Suppose s*y - 80 = -y. Calculate the highest common divisor of y and 40.
8
Let t be (3/(-1))/1*-1. Let c = 7 + -6. Calculate the greatest common factor of c and t.
1
Let n = -9 + 9. Let z be -9*(1 + n)*-1. What is the highest common factor of 27 and z?
9
Let k = -174 - -182. Calculate the greatest common factor of k and 88.
8
Let y = -6 + 13. Suppose 14 = 5*g - 21. What is the highest common divisor of g and y?
7
Let i(z) = 23*z - 4. Let b be i(2). Calculate the greatest common divisor of b and 105.
21
Let x = 0 - -25. Let o be (98/56)/((-2)/(-200)). Calculate the highest common divisor of o and x.
25
Suppose 0*y = 5*y - 20. Suppose 3*n - 3*x - 106 = -2*n, -4*n - y*x = -72. What is the greatest common divisor of 220 and n?
20
Suppose 8*x - 4*u - 19 = 3*x, -5*u = -4*x + 17. Suppose -x*v + 19 = -11. What is the greatest common factor of 70 and v?
10
Let z be (-12)/(3 - (-81)/(-24)). Suppose 2*d - 71 = 25. Calculate the greatest common factor of d and z.
16
Let b be 2/6*6 - -94. Let c = -36 - -17. Let q = c - -31. What is the highest common factor of q and b?
12
Let h be 4/(-16) + (-105)/(-4). What is the greatest common divisor of 65 and h?
13
Suppose -9*z = -8*z - 242. Calculate the highest common divisor of 22 and z.
22
Suppose -3*r + 0*r = -6. Suppose -w - 2*w + 34 = -m, r = -2*m. What is the greatest common factor of w and 55?
11
Let v = -31 - -45. Let a be 1116/v + (-2)/(-7). What is the highest common factor of a and 16?
16
Suppose -3*v - 2*l + 171 - 17 = 0, 0 = 5*v - 2*l - 262. Calculate the greatest common factor of v and 39.
13
Let j(x) = -x**2 + 3*x - 1. Let k be j(2). Let a be (-2 - -2)*k/1. Suppose m + m - 20 = a. What is the highest common factor of m and 2?
2
Let w = -7 + 28. Let g = 10 - 7. Suppose -153 = -2*k + g*v, 232 = 3*k + 4*v - 8*v. What is the highest common divisor of k and w?
21
Let r(w) = w**3 - 4*w**2 - w - 8. Let z be r(6). Suppose -2*s = -5*s - k + z, -s - 5*k + 38 = 0. Calculate the highest common factor of 54 and s.
18
Let s = 5 - 3. Let y(h) = h**2 - 2*h + 2. Let u be y(s). Suppose 6*k - 23 = 61. What is the highest common factor of u and k?
2
Let r be 7/(-3) - (-8)/(-12). Let c be r/(-6)*(41 - -1). What is the highest common divisor of c and 7?
7
Let c(p) = -p + 4. Let x be c(0). Calculate the highest common divisor of 32 and x.
4
Suppose -15 = 3*f, 0 = 2*i + i + 4*f - 421. What is the greatest common factor of i and 21?
21
Suppose 0 = -5*w - 3*l + 32, -2*w + 3*l - 1 = 3. Suppose -w*d - d = -3*x + 51, -2*x = -2*d - 30. Let q = x - 3. What is the highest common factor of q and 81?
9
Let t(s) = -17*s**3 + 2*s**2 + 2*s + 1. Let o be t(-1). Let k = o + -8. What is the highest common factor of k and 90?
10
Suppose 69 = 3*c - 5*a - 291, 600 = 5*c + 5*a. Calculate the greatest common divisor of c and 20.
20
Suppose 2*v - 38 = -5*p + 52, -2*v - 10 = 0. Let l(m) = m**3 - 7*m**2 + 7*m - 1. Let g be l(6). Calculate the greatest common factor of g and p.
5
Suppose -b + i + 13 = -4, 14 = 2*b + 3*i. What is the highest common factor of b and 26?
13
Suppose -3*l + 8*l - 20 = 0. Let r = 16 - -28. What is the highest common divisor of l and r?
4
Let z = 10 - 4. Let r = 1 - -27. Suppose 0 = -2*d + r + 2. Calculate the greatest common divisor of d and z.
3
Suppose 0 = -0*d + d - 1. Let y be d*6*(-2)/(-4). What is the highest common divisor of y and 15?
3
Suppose 3*o = 5*h - o - 1053, 0 = -5*h - 3*o + 1074. Let w = -150 + h. Calculate the highest common divisor of w and 21.
21
Suppose y - 4*t - 61 = 0, -4*y - 4*t + 168 = -t. Let n = y - 32. Calculate the highest common divisor of 39 and n.
13
Suppose 0 = 5*z - 1031 - 1369. Suppose 2*a + 3*a = z. Calculate the highest common factor of 12 and a.
12
Let l(z) = 6*z**2 - 2*z + 2. Let d be l(3). Suppose 3*r - v = -4*v + 24, 5*r = 5*v + d. Let k be r/(-15)*-3*5. Calculate the greatest common factor of k and 3.
3
Suppose -4*y = -5*p - 345, -3*y + 0*p + 5*p = -255. What is the greatest common factor of 9 and y?
9
Let t = 70 - 48. Calculate the highest common divisor of t and 198.
22
Let s = 9 - -3. What is the highest common divisor of 12 and s?
12
Suppose 0*m = 2*m - 2. Suppose -6*j = -2*j - 44. What is the highest common divisor of m and j?
1
Let f(z) = -z**2 - 8*z - 7. Let o be f(-6). Let v(j) = 4*j - 2. Let l be v(o). Calculate the greatest common factor of 45 and l.
9
Let r = 61 - 46. What is the highest common divisor of 135 and r?
15
Let t be (-2)/(-4)*(0 - -2). Suppose 58*u - 63*u = -15. What is the highest common divisor of t and u?
1
Suppose -l + 3 = 0, 3*v - 5*l = -2*v - 5. Let g be (-3 - (-3 + v)) + 5. What is the highest common divisor of 1 and g?
1
Let v(d) = -d**3 + 4*d + 5. Let j be v(-2). What is the greatest common divisor of 20 and j?
5
Suppose -3*c + 46 = -47. Calculate the greatest common divisor of 62 and c.
31
Suppose m = 5*p - 704, -4*m - m - 580 = -4*p. What is the greatest common divisor of 56 and p?
28
Let d be (-27*(-6)/(-12))/(1/(-18)). Calculate the highest common divisor of d and 27.
27
Let b be (-3146)/(-52) + (-1)/2. Calculate the greatest common factor of b and 15.
15
Let c be -14*(4 - 3)*-1. Calculate the highest common divisor of c and 7.
7
Let p = 272 + -101. What is the highest common factor of 19 and p?
19
Suppose 0 = 2*k + 3*k - 10. Suppose 86 = k*h + 14. What is the highest common divisor of 9 and h?
9
Let f(b) = -1 + 5*b**2 - 3 - 2 - 7*b. Let m be f(-5). What is the greatest common factor of 22 and m?
22
Let o be 2/9 + 264/27. Suppose -2*y = 3*y - o. Suppose y*r + 4*p = 102, 2*r + 2*p + p - 101 = 0. What is the greatest common factor of r and 7?
7
Let q(s) = -s**2 + s. Let p(t) = 6*t**2 - 11*t - 1. Let n(d) = p(d) + 4*q(d). Let f be n(5). Calculate the greatest common factor of f and 112.
14
Suppose -2*c + 18 = 3*f, -2*f = 5*c - 6*f - 22. Let r = 8 - c. Calculate the greatest common factor of r and 10.
2
Suppose 41*n + 33 = 42*n. Calculate the greatest common divisor of